sands digit of 184194?
1
What is the hundred thousands digit of 541841?
5
What is the units digit of 1644271?
1
What is the hundreds digit of 3236531?
5
What is the units digit of 10679325?
5
What is the millions digit of 16459505?
6
What is the ten thousands digit of 82111?
8
What is the ten thousands digit of 334642?
3
What is the tens digit of 214070?
7
What is the tens digit of 797645?
4
What is the units digit of 253256?
6
What is the millions digit of 1367988?
1
What is the units digit of 2848319?
9
What is the ten thousands digit of 5262098?
6
What is the units digit of 2224446?
6
What is the tens digit of 2809860?
6
What is the hundreds digit of 1272243?
2
What is the hundred thousands digit of 532213?
5
What is the ten thousands digit of 3449908?
4
What is the millions digit of 11937789?
1
What is the millions digit of 3575191?
3
What is the ten thousands digit of 441740?
4
What is the ten thousands digit of 792625?
9
What is the thousands digit of 9057437?
7
What is the ten millions digit of 12262725?
1
What is the millions digit of 9986878?
9
What is the thousands digit of 12608296?
8
What is the thousands digit of 76285?
6
What is the thousands digit of 644785?
4
What is the millions digit of 13060349?
3
What is the ten thousands digit of 855555?
5
What is the ten thousands digit of 128629?
2
What is the units digit of 4154763?
3
What is the units digit of 1241480?
0
What is the hundred thousands digit of 1939384?
9
What is the tens digit of 30166791?
9
What is the hundred thousands digit of 1099808?
0
What is the units digit of 23967?
7
What is the hundreds digit of 202343?
3
What is the thousands digit of 187208?
7
What is the units digit of 1168?
8
What is the millions digit of 7957484?
7
What is the tens digit of 665448?
4
What is the hundred thousands digit of 457029?
4
What is the thousands digit of 455436?
5
What is the units digit of 1845494?
4
What is the hundreds digit of 303269?
2
What is the ten thousands digit of 808605?
0
What is the hundreds digit of 631631?
6
What is the units digit of 55381?
1
What is the hundreds digit of 2164790?
7
What is the millions digit of 5489725?
5
What is the ten thousands digit of 1280978?
8
What is the ten thousands digit of 12403?
1
What is the hundred thousands digit of 1301606?
3
What is the hundreds digit of 225952?
9
What is the hundreds digit of 590981?
9
What is the units digit of 161790?
0
What is the ten thousands digit of 614870?
1
What is the tens digit of 673431?
3
What is the ten thousands digit of 7706449?
0
What is the ten millions digit of 11087208?
1
What is the units digit of 12652573?
3
What is the units digit of 834814?
4
What is the thousands digit of 150611?
0
What is the tens digit of 14657629?
2
What is the hundreds digit of 10091352?
3
What is the ten thousands digit of 4611844?
1
What is the units digit of 1330569?
9
What is the tens digit of 401713?
1
What is the hundred thousands digit of 197596?
1
What is the thousands digit of 2019177?
9
What is the tens digit of 1153898?
9
What is the hundred thousands digit of 133852?
1
What is the hundreds digit of 393695?
6
What is the millions digit of 3217735?
3
What is the tens digit of 69882?
8
What is the ten thousands digit of 83057?
8
What is the units digit of 3915358?
8
What is the ten thousands digit of 342073?
4
What is the thousands digit of 608387?
8
What is the hundreds digit of 2214667?
6
What is the thousands digit of 459566?
9
What is the hundred thousands digit of 194765?
1
What is the tens digit of 821151?
5
What is the hundred thousands digit of 568335?
5
What is the thousands digit of 186272?
6
What is the hundred thousands digit of 7348702?
3
What is the hundred thousands digit of 440092?
4
What is the tens digit of 8631?
3
What is the units digit of 14681621?
1
What is the hundreds digit of 4104056?
0
What is the units digit of 3161264?
4
What is the ten thousands digit of 2255050?
5
What is the tens digit of 2020543?
4
What is the ten millions digit of 13236720?
1
What is the units digit of 634150?
0
What is the units digit of 653314?
4
What is the thousands digit of 6581223?
1
What is the thousands digit of 394986?
4
What is the units digit of 363271?
1
What is the thousands digit of 1441805?
1
What is the ten thousands digit of 8333106?
3
What is the hundred thousands digit of 2236226?
2
What is the hundreds digit of 690411?
4
What is the hundreds digit of 304437?
4
What is the thousands digit of 6819179?
9
What is the tens digit of 6596247?
4
What is the tens digit of 4528008?
0
What is the units digit of 1274135?
5
What is the ten thousands digit of 17841291?
4
What is the hundreds digit of 245228?
2
What is the ten thousands digit of 120143?
2
What is the tens digit of 237059?
5
What is the units digit of 150934?
4
What is the tens digit of 1938817?
1
What is the hundreds digit of 267137?
1
What is the thousands digit of 1361647?
1
What is the thousands digit of 2021143?
1
What is the hundred thousands digit of 152533?
1
What is the ten thousands digit of 3575645?
7
What is the hundred thousands digit of 26291196?
2
What is the hundreds digit of 79602?
6
What is the thousands digit of 2021782?
1
What is the hundreds digit of 224223?
2
What is the hundred thousands digit of 914321?
9
What is the thousands digit of 120473?
0
What is the tens digit of 1664014?
1
What is the hundred thousands digit of 5249687?
2
What is the tens digit of 334847?
4
What is the ten thousands digit of 241487?
4
What is the ten millions digit of 38793710?
3
What is the units digit of 8261471?
1
What is the tens digit of 364974?
7
What is the thousands digit of 492141?
2
What is the hundreds digit of 117266?
2
What is the hundreds digit of 2898089?
0
What is the tens digit of 1454865?
6
What is the hundreds digit of 404821?
8
What is the tens digit of 374227?
2
What is the hundred thousands digit of 382971?
3
What is the ten thousands digit of 95173?
9
What is the ten thousands digit of 628438?
2
What is the ten thousands digit of 498141?
9
What is the units digit of 24841002?
2
What is the hundreds digit of 527002?
0
What is the ten thousands digit of 887806?
8
What is the tens digit of 1634848?
4
What is the ten thousands digit of 49806?
4
What is the hundreds digit of 80449?
4
What is the tens digit of 278044?
4
What is the hundreds digit of 476870?
8
What is the tens digit of 4061188?
8
What is the hundred thousands digit of 1765406?
7
What is the units digit of 26237?
7
What is the tens digit of 267282?
8
What is the thousands digit of 109024?
9
What is the ten thousands digit of 3218589?
1
What is the tens digit of 387531?
3
What is the ten thousands digit of 7687240?
8
What is the millions digit of 3239157?
3
What is the hundreds digit of 2037975?
9
What is the units digit of 221028?
8
What is the millions digit of 5831657?
5
What is the tens digit of 92433?
3
What is the units digit of 94144?
4
What is the hundreds digit of 6056038?
0
What is the units digit of 57766?
6
What is the units digit of 618850?
0
What is the hundreds digit of 110094?
0
What is the ten thousands digit of 46175?
4
What is the units digit of 41187354?
4
What is the ten thousands digit of 2892884?
9
What is the thousands digit of 14152733?
2
What is the hundreds digit of 516298?
2
What is the tens digit of 17683617?
1
What is the units digit of 570?
0
What is the millions digit of 1581216?
1
What is the hundreds digit of 19472283?
2
What is the thousands digit of 2161615?
1
What is the hundred thousands digit of 308326?
3
What is the thousands digit of 9351288?
1
What is the hundreds digit of 7819561?
5
What is the units digit of 3422595?
5
What is the ten thousands digit of 29756201?
5
What is the units digit of 21669?
9
What is the ten thousands digit of 2230917?
3
What is the thousands digit of 6931296?
1
What is the thousands digit of 1719205?
9
What is the hundreds digit of 500712?
7
What is the hundred thousands digit of 2478478?
4
What is the units digit of 4962?
2
What is the tens digit of 1164431?
3
What is the units digit of 158154?
4
What is the thousands digit of 982109?
2
What is the hundred thousands digit of 26851499?
8
What is the thousands digit of 733472?
3
What is the ten thousands digit of 1906775?
0
What is the